 of 12053 and 17?
17
Calculate the highest common divisor of 74001 and 357.
51
Calculate the greatest common factor of 77777 and 287.
287
Calculate the highest common factor of 614166 and 14.
14
Calculate the greatest common factor of 13395 and 1815.
15
Calculate the greatest common divisor of 77287 and 5551.
427
What is the highest common factor of 6925 and 17174?
277
What is the highest common factor of 83049 and 57?
57
Calculate the greatest common divisor of 36078 and 714.
42
What is the greatest common factor of 118 and 485983?
59
Calculate the greatest common divisor of 35 and 134125.
5
What is the greatest common divisor of 35361 and 225?
9
Calculate the greatest common factor of 2983 and 8379.
19
Calculate the greatest common factor of 144 and 5456064.
48
What is the highest common factor of 8236 and 1136?
284
What is the greatest common factor of 14 and 1630762?
14
Calculate the greatest common factor of 182 and 41468.
14
Calculate the greatest common factor of 172 and 9417.
43
What is the highest common factor of 7360 and 161?
23
What is the highest common factor of 1683876 and 24?
12
Calculate the highest common divisor of 21424 and 8944.
208
What is the highest common divisor of 1541 and 52461?
67
What is the highest common divisor of 880 and 22770?
110
Calculate the highest common factor of 697689 and 18.
9
Calculate the highest common factor of 10634648 and 23.
23
Calculate the greatest common factor of 174 and 43761.
87
What is the highest common divisor of 142 and 5764774?
142
Calculate the greatest common factor of 235 and 579745.
235
Calculate the greatest common divisor of 544 and 30396.
68
Calculate the highest common factor of 2972 and 10818080.
2972
Calculate the highest common divisor of 930 and 634074.
186
What is the highest common divisor of 14855 and 5?
5
Calculate the greatest common factor of 10089 and 12213.
531
What is the highest common divisor of 33467 and 49?
49
What is the highest common divisor of 145 and 138475?
145
Calculate the highest common divisor of 546 and 136110.
78
What is the greatest common factor of 289 and 2489157?
289
What is the greatest common divisor of 2604 and 1533384?
372
What is the highest common factor of 115640 and 1120?
280
What is the highest common factor of 64020 and 388?
388
What is the greatest common divisor of 327327 and 546?
273
Calculate the highest common divisor of 90 and 13779.
9
Calculate the greatest common divisor of 200250 and 54.
18
What is the highest common factor of 13 and 979?
1
What is the greatest common factor of 3267 and 821832?
363
Calculate the greatest common factor of 136 and 124780.
68
What is the highest common factor of 2374444 and 8864?
1108
What is the greatest common factor of 54 and 108594?
54
Calculate the highest common divisor of 179360 and 570.
190
Calculate the greatest common factor of 765 and 4405.
5
What is the highest common factor of 5996560 and 1840?
1840
Calculate the highest common factor of 21250 and 2142.
34
What is the highest common divisor of 1008 and 9513?
63
Calculate the highest common factor of 817 and 9589.
43
Calculate the highest common divisor of 2685 and 12351.
537
Calculate the greatest common factor of 1725 and 2760.
345
What is the greatest common divisor of 21266 and 651?
217
Calculate the highest common factor of 5363 and 186.
31
What is the greatest common divisor of 170 and 100045?
85
What is the greatest common divisor of 3087 and 92673?
63
What is the highest common divisor of 57 and 22439?
19
Calculate the greatest common factor of 259 and 260.
1
Calculate the highest common divisor of 90261 and 459.
27
What is the highest common factor of 60487 and 35?
7
Calculate the greatest common divisor of 51073 and 44.
11
Calculate the greatest common divisor of 24 and 37602.
6
What is the greatest common factor of 650 and 9240?
10
Calculate the highest common factor of 380885 and 170.
85
Calculate the highest common divisor of 112671 and 535.
107
Calculate the greatest common divisor of 5518 and 6319.
89
What is the highest common divisor of 1215 and 672138?
243
Calculate the highest common divisor of 708484 and 238.
14
Calculate the greatest common divisor of 147901 and 1417.
13
Calculate the greatest common divisor of 49 and 50911.
49
Calculate the greatest common factor of 500456 and 3196.
188
Calculate the greatest common divisor of 49025 and 850.
25
Calculate the greatest common divisor of 132 and 434852.
44
Calculate the greatest common factor of 1672 and 86735.
209
What is the greatest common divisor of 973012 and 164?
164
Calculate the highest common divisor of 120 and 2202720.
120
Calculate the highest common factor of 1960 and 1235535.
245
Calculate the greatest common divisor of 24 and 45246.
6
Calculate the greatest common divisor of 98072 and 322.
46
Calculate the highest common factor of 28489 and 217.
31
What is the greatest common divisor of 5736 and 2316?
12
Calculate the highest common factor of 2082929 and 113.
113
What is the greatest common divisor of 86 and 18103?
43
Calculate the highest common divisor of 1074711 and 957.
957
What is the highest common divisor of 104 and 24856?
104
Calculate the highest common factor of 265 and 1981140.
265
What is the highest common divisor of 980 and 5929?
49
Calculate the greatest common divisor of 126060 and 3729.
33
What is the greatest common divisor of 13787 and 2771?
17
What is the highest common divisor of 1729484 and 14828?
1348
What is the highest common divisor of 13746 and 30336?
474
Calculate the greatest common factor of 1539006 and 378.
42
What is the greatest common factor of 1799 and 161?
7
What is the greatest common divisor of 800 and 5920?
160
Calculate the greatest common factor of 140658 and 126.
42
What is the greatest common factor of 42 and 2926413?
21
Calculate the highest common divisor of 98906 and 102.
34
Calculate the greatest common factor of 37858 and 207.
23
What is the greatest common divisor of 483315 and 15?
15
What is the highest common factor of 417 and 7367?
139
What is the greatest common divisor of 3627 and 35334?
117
Calculate the highest common divisor of 131956 and 440.
44
What is the highest common divisor of 308 and 360206?
154
Calculate the highest common divisor of 2254 and 6585061.
1127
Calculate the highest common factor of 8548 and 28.
4
What is the greatest common divisor of 22944 and 576?
96
What is the highest common divisor of 975 and 13169?
13
What is the greatest common factor of 43861 and 1541?
23
What is the greatest common factor of 2568 and 1176?
24
What is the greatest common factor of 12682 and 1666?
34
What is the highest common divisor of 1302 and 171957?
93
Calculate the greatest common divisor of 94 and 40749.
47
Calculate the greatest common divisor of 7344 and 31518.
306
Calculate the highest common divisor of 78565 and 57.
19
What is the greatest common factor of 1145 and 695473?
229
What is the highest common factor of 681 and 94432?
227
Calculate the greatest common factor of 1849164 and 36.
12
Calculate the greatest common factor of 15136 and 770.
22
Calculate the greatest common divisor of 707 and 12827.
101
What is the highest common divisor of 13 and 113516?
13
What is the highest common divisor of 1656 and 180?
36
What is the highest common divisor of 3108066 and 78?
78
Calculate the greatest common factor of 20 and 71290.
10
What is the highest common factor of 132 and 742632?
132
Calculate the greatest common factor of 51387 and 63.
21
What is the greatest common factor of 477422 and 550?
22
Calculate the greatest common factor of 10212 and 26772.
276
Calculate the greatest common factor of 12344 and 88.
8
Calculate the greatest common factor of 28024 and 21824.
248
Calculate the greatest common factor of 6142545 and 45.
45
Calculate the highest common factor of 73870 and 801.
89
What is the greatest common factor of 590002 and 74?
74
Calculate the greatest common factor of 167014 and 20692.
1478
What is the greatest common factor of 112725 and 54?
27
What is the greatest common factor of 3058 and 16?
2
Calculate the greatest common factor of 1270 and 384302.
254
What is the greatest common divisor of 8027 and 575?
23
What is the greatest common divisor of 251160 and 630?
210
What